{"id":1857,"date":"2025-05-15T11:30:28","date_gmt":"2025-05-15T11:30:28","guid":{"rendered":"https:\/\/moosealgom.center\/?page_id=1857"},"modified":"2025-05-15T11:30:28","modified_gmt":"2025-05-15T11:30:28","slug":"kontakt","status":"publish","type":"page","link":"https:\/\/moosealgom.center\/?page_id=1857","title":{"rendered":"Kontakt"},"content":{"rendered":"<p>Ta strona jest w\u0142asno\u015bci\u0105 firmy Moosealgom Sp. z o.o. Staramy si\u0119 dostarcza\u0107 istotne i u\u017cyteczne informacje naszym u\u017cytkownikom.<\/p>\n<p>Nazwa firmy: Moosealgom Sp. z o.o.<br \/>\nAdres siedziby: ul. Marsza\u0142kowska 100, Warszawa, Polska<br \/>\nE-mail: <a href=\"mailto:info@moosealgom.center\">info@moosealgom.center<\/a><br \/>\nTelefon: <a href=\"tel:+48887443790\">+48887443790<\/a><br \/>\nDyrektor zarz\u0105dzaj\u0105cy: Katarzyna Nowak<br \/>\nNumer rejestracyjny: 03892098745<br \/>\nNazwa organu rejestruj\u0105cego: Dynamiczne Rozwi\u0105zania<br \/>\nAdres organu rejestruj\u0105cego: al. Solidarno\u015bci 15, Wroc\u0142aw, Polska<\/p>\n<p>\n    <b>Prawa autorskie:<\/b><br \/>\n    <br \/>\n    Wszystkie materia\u0142y na naszej stronie internetowej, w tym tekst, obrazy, grafika, projekt i oprogramowanie s\u0105 chronione prawem autorskim. Ich wykorzystywanie lub rozpowszechnianie bez zgody w\u0142a\u015bciciela praw autorskich jest zabronione.\n<\/p>\n<p>\n    <b>Informacje kontaktowe:<\/b><br \/>\n    <br \/>\n    W przypadku jakichkolwiek pyta\u0144 lub uwag dotycz\u0105cych naszej strony internetowej lub naszej firmy, prosimy o kontakt za pomoc\u0105 danych kontaktowych wymienionych powy\u017cej.\n<\/p>\n<p>\n    <b>Polityka prywatno\u015bci:<\/b><br \/>\n    <br \/>\n    Szanujemy prywatno\u015b\u0107 u\u017cytkownik\u00f3w i chronimy ich dane osobowe. Wi\u0119cej informacji mo\u017cna znale\u017a\u0107 w naszej <a href=\"https:\/\/moosealgom.center\/?page_id=3\">polityce prywatno\u015bci<\/a>.<\/p>\n","protected":false},"excerpt":{"rendered":"<p>Ta strona jest w\u0142asno\u015bci\u0105 firmy Moosealgom Sp. z o.o. Staramy si\u0119 dostarcza\u0107 istotne i u\u017cyteczne informacje naszym u\u017cytkownikom. Nazwa firmy: Moosealgom Sp. z o.o. Adres siedziby: ul. Marsza\u0142kowska 100, Warszawa,&hellip;<\/p>\n","protected":false},"author":1,"featured_media":0,"parent":0,"menu_order":0,"comment_status":"closed","ping_status":"closed","template":"","meta":{"footnotes":""},"class_list":["post-1857","page","type-page","status-publish","hentry"],"_links":{"self":[{"href":"https:\/\/moosealgom.center\/index.php?rest_route=\/wp\/v2\/pages\/1857","targetHints":{"allow":["GET"]}}],"collection":[{"href":"https:\/\/moosealgom.center\/index.php?rest_route=\/wp\/v2\/pages"}],"about":[{"href":"https:\/\/moosealgom.center\/index.php?rest_route=\/wp\/v2\/types\/page"}],"author":[{"embeddable":true,"href":"https:\/\/moosealgom.center\/index.php?rest_route=\/wp\/v2\/users\/1"}],"replies":[{"embeddable":true,"href":"https:\/\/moosealgom.center\/index.php?rest_route=%2Fwp%2Fv2%2Fcomments&post=1857"}],"version-history":[{"count":1,"href":"https:\/\/moosealgom.center\/index.php?rest_route=\/wp\/v2\/pages\/1857\/revisions"}],"predecessor-version":[{"id":1858,"href":"https:\/\/moosealgom.center\/index.php?rest_route=\/wp\/v2\/pages\/1857\/revisions\/1858"}],"wp:attachment":[{"href":"https:\/\/moosealgom.center\/index.php?rest_route=%2Fwp%2Fv2%2Fmedia&parent=1857"}],"curies":[{"name":"wp","href":"https:\/\/api.w.org\/{rel}","templated":true}]}}