{"id":1867,"date":"2025-05-15T11:35:48","date_gmt":"2025-05-15T11:35:48","guid":{"rendered":"https:\/\/moosealgom.center\/?post_type=product&#038;p=1867"},"modified":"2025-05-15T11:35:48","modified_gmt":"2025-05-15T11:35:48","slug":"tablica-powitalna-vintage","status":"publish","type":"product","link":"https:\/\/moosealgom.center\/?product=tablica-powitalna-vintage","title":{"rendered":"Tablica Powitalna Vintage"},"content":{"rendered":"<p>Tablica powitalna to pierwszy element, kt\u00f3ry go\u015bci witaj\u0105 na Twoim wydarzeniu. Nasza tablica wykonana jest z ekologicznego kartonu i ozdobiona kwiatami w mi\u0119kkich barwach pastelowych. Idealna do \u015blub\u00f3w, chrzt\u00f3w lub spotka\u0144 rodzinnych. Wymiary: 60&#215;40 cm.<\/p>\n","protected":false},"excerpt":{"rendered":"<p>Tablica powitalna to pierwszy element, kt\u00f3ry go\u015bci witaj\u0105 na Twoim wydarzeniu. Nasza tablica wykonana jest z ekologicznego kartonu i ozdobiona kwiatami w mi\u0119kkich barwach pastelowych. Idealna do \u015blub\u00f3w, chrzt\u00f3w lub&hellip;<\/p>\n","protected":false},"featured_media":1868,"template":"","meta":[],"product_brand":[],"product_cat":[23],"product_tag":[],"class_list":{"0":"post-1867","1":"product","2":"type-product","3":"status-publish","4":"has-post-thumbnail","6":"product_cat-uncategorized","8":"first","9":"instock","10":"shipping-taxable","11":"purchasable","12":"product-type-simple"},"_links":{"self":[{"href":"https:\/\/moosealgom.center\/index.php?rest_route=\/wp\/v2\/product\/1867","targetHints":{"allow":["GET"]}}],"collection":[{"href":"https:\/\/moosealgom.center\/index.php?rest_route=\/wp\/v2\/product"}],"about":[{"href":"https:\/\/moosealgom.center\/index.php?rest_route=\/wp\/v2\/types\/product"}],"wp:featuredmedia":[{"embeddable":true,"href":"https:\/\/moosealgom.center\/index.php?rest_route=\/wp\/v2\/media\/1868"}],"wp:attachment":[{"href":"https:\/\/moosealgom.center\/index.php?rest_route=%2Fwp%2Fv2%2Fmedia&parent=1867"}],"wp:term":[{"taxonomy":"product_brand","embeddable":true,"href":"https:\/\/moosealgom.center\/index.php?rest_route=%2Fwp%2Fv2%2Fproduct_brand&post=1867"},{"taxonomy":"product_cat","embeddable":true,"href":"https:\/\/moosealgom.center\/index.php?rest_route=%2Fwp%2Fv2%2Fproduct_cat&post=1867"},{"taxonomy":"product_tag","embeddable":true,"href":"https:\/\/moosealgom.center\/index.php?rest_route=%2Fwp%2Fv2%2Fproduct_tag&post=1867"}],"curies":[{"name":"wp","href":"https:\/\/api.w.org\/{rel}","templated":true}]}}